2 - 7*k - 15. Suppose -4*a + s - 30 = -49, -4*s = -20. Calculate w(a).
-57
Let o be 24/9 + (-3)/(9/2). Let v(m) = 18*m - m**o - 11*m + 14*m**3 - 6*m - 1. Give v(1).
13
Let u(s) = s**2 - 3*s - 2. Let t(b) be the first derivative of b**4/4 - 10*b**3 - 33*b**2/2 + 66*b - 86. Let w be t(31). Calculate u(w).
2
Let f be 4/14 + (-1750)/(-49). Let h = f - 7. Let y(z) = z**2 + h - 67 + 32 - 4*z. Determine y(6).
6
Let j = 313 - 141. Let s = 172 - j. Let k(g) = -g**2 - g - 5. Give k(s).
-5
Let j(o) be the first derivative of -o**7/840 - 7*o**6/360 - o**5/30 + o**4/4 - o**3 - 12*o**2 + 259. Let c(l) be the third derivative of j(l). Calculate c(-6).
-6
Suppose 267*c + 630 = 337*c. Let y(r) = -r**2 + 10*r + 3. Calculate y(c).
12
Suppose 10*k - 15*k - 214 = 4*t, 0 = 3*t + 4*k + 160. Let f = t + 64. Let q(y) = 2*y**2 - y**2 - 3*y + 6 - 6*y. What is q(f)?
-2
Let z(m) = -2*m + 10. Let w(x) = 34*x - 15. Let q be w(4). Suppose -85 + q = 6*v. Calculate z(v).
-2
Let n(z) be the third derivative of 1/120*z**6 - 1/12*z**4 + 0 - 1/2*z**3 - 85*z**2 + 1/60*z**5 + 0*z. Determine n(-2).
-3
Let n(r) = r**2 + 25*r + 131. Let i(y) = -y**2 + 77*y - 1500. Let o be i(39). Give n(o).
5
Let d be ((-9)/6)/3*14. Suppose 0 = 7*t - 63 - 42. Let k(o) = 16*o - 2 + t*o - 50*o + 17*o. Calculate k(d).
12
Let m(t) = -15*t + 5. Let x be 9 + -2 - 3 - 27/(-9). Let q(r) = 13*r - 7. Let u(k) = x*q(k) + 6*m(k). Calculate u(6).
-13
Let k(c) = c**2 + 8*c + 20. Let x be k(-8). Let i(t) = 97 - 89 - x*t + t**2 + 7*t. Calculate i(12).
-4
Let t(i) = -5 + 260*i + 5*i**2 - 129*i - 129*i + i**3 + 1. Calculate t(-4).
4
Let t be (2 - 3)*(-108)/(567/(-21)). Let c(g) = -17*g - 74. Calculate c(t).
-6
Suppose 442*u + 608 = 24*u - 228. Let p(z) = 3*z**2 + 2*z + 6. Give p(u).
14
Let k(w) = -6212 + 0*w**3 + 12460 - 6224 + 11*w**2 + 6*w + w**3. Calculate k(-11).
-42
Let p be (6 + 3/(-1))/(1/2). Let x(s) = -p - 81*s - 5 + 77*s. Give x(-5).
9
Let u(v) = v**3 + 6*v**2 + 2*v + 9. Suppose -z = k, -4*k = -6*z + 3*z - 28. Let b be (k + 2)/(-7 + 0 - -6). Determine u(b).
-3
Let n(m) = -m**2 + 7*m - 6. Suppose -3*u - 4*x + 202 = -288, 4*u = x + 685. Let g = -166 + u. What is n(g)?
6
Let i(g) = 135*g - 1888. Let n be i(14). Let b(m) = -5*m - 9. Let l(o) = 6*o + 8. Let w(j) = 6*b(j) + 7*l(j). Give w(n).
26
Let l be 6/18 - 1/((-9)/(-876)). Let s = -101 - l. Let x(t) = -3*t**2 + t**2 + t**2 - 3*t. Determine x(s).
-4
Let f be (-54)/(-9) + 0 + (1 - 3). Let b(p) = 11 - f*p + 5*p - 2 + 2. Calculate b(-4).
7
Let g(p) = p**2 + 6*p - 2. Let o(z) = -4*z**2 - 7 - 3*z**3 - 5*z**2 - 4*z**2 - 4*z**3 + 6*z**3. Let x be o(-13). Calculate g(x).
5
Suppose 2*m + q = m + 3, -4*m = 3*q - 11. Let o(y) = m*y - 9*y + 11*y + 20*y. Determine o(-1).
-24
Let l be -2 + -3*(-2)/3. Suppose 5*y + 10 + l = 0. Let z(v) = 6*v - 34*v + 33*v. Give z(y).
-10
Let f = 42 - 36. Let u be (-1)/3 + (-64)/f + 7. Let h(l) = -3*l - 8*l**2 + 1 - 3 + 7*l**2. What is h(u)?
-6
Let b(j) be the first derivative of -17*j**2 - 21*j + 4301. What is b(-2)?
47
Suppose -8*b - 23*b + 6*b = -175. Let c(z) be the second derivative of -z**5/20 + 7*z**4/12 + z**3/3 + z. What is c(b)?
14
Let o(d) = -12 + 3 - 7*d + 2*d. Suppose 0 = 208*i - 225*i - 119. Determine o(i).
26
Let r(z) be the second derivative of -z**3/6 + 3*z**2/2 - 17*z - 3. Let h(a) = -a**3 + 12*a**2 - 27*a. Let v = 64 + -55. Let i be h(v). What is r(i)?
3
Suppose -4*l - 60*i + 2 = -66*i, 4*l + 2*i = 10. Suppose z - 48 = -0*z. Let m(s) = -l*s - z + 49 + s. Give m(-3).
4
Let p = 47 + -41. Let l(d) be the third derivative of -d**6/360 + d**5/30 - 7*d**4/12 - 13*d**2. Let u(t) be the second derivative of l(t). Give u(p).
-8
Let q be (16/12)/((-48)/(-108)). Let t(r) = 3*r**2 - 4*r - 2*r**2 + 16 - q - 4*r. What is t(7)?
6
Let r(w) be the third derivative of -w**6/120 + w**5/12 + 7*w**4/24 + 2*w**3/3 + 259*w**2. Determine r(6).
10
Let y = 15072 + -15066. Let t(k) = -2*k**2 + 13*k - 22. Calculate t(y).
-16
Suppose -4*f - a + 83 = 0, -8*a - 101 = -5*f - 12*a. Let r(i) = i**3 - 23*i**2 + 37*i - 23. Determine r(f).
-128
Let y(k) = 38*k**3 + 14*k**2 - 13*k + 31. Let a(f) = 7*f**3 + 3*f**2 - 3*f + 6. Let c(l) = 11*a(l) - 2*y(l). What is c(-6)?
10
Let b(l) = -l - 25. Let q be b(-11). Let x be (-1)/(58/q + 4). Suppose x = 36*m - 37*m. Let f(p) = -p - 9. What is f(m)?
-2
Let u(o) = -39*o**2 + 3 + 33*o**2 + 7*o**2 + 6*o. Let k(m) = 4 + 3*m**2 + 13*m + 2 - m**2. Let b(d) = -3*k(d) + 5*u(d). Give b(-9).
-3
Let n(u) = -u**2 + 9*u + 11. Let a = 235 - 242. Let z(h) = h**2 + 20*h + 100. Let g be z(a). Determine n(g).
11
Let r(q) = 0*q + q - 5*q. Let v(p) = 25 + 23*p - 68*p + 12*p + 23*p + p**2. Let i be v(4). Give r(i).
-4
Let f(c) be the third derivative of c**7/2520 + 7*c**6/720 + c**5/60 - 13*c**4/4 + 2*c**2 + 44. Let k(y) be the second derivative of f(y). Determine k(-8).
10
Let h(m) be the third derivative of -m**5/120 - m**4/12 + 131*m**3/6 - 32*m**2. Let u(o) be the first derivative of h(o). Calculate u(3).
-5
Suppose -3*r - 12 = -2*q, 2*r + 16 - 3 = 3*q. Let c(o) = -4 - 13*o - 14*o + q + 29*o. Give c(1).
1
Let v(q) = -q + 6. Let a(l) = 5*l - 30. Let w be (-207)/(-45) - 2/(-5). Suppose z + 2 = 0, k + 9 = -w*z - 3. Let h(b) = k*a(b) - 11*v(b). What is h(4)?
-2
Let u(g) = -3*g**3 + 46*g**2 - 49*g + 7. Let p(f) = 4*f**3 - 61*f**2 + 65*f - 9. Let h(z) = 7*p(z) + 9*u(z). Determine h(12).
24
Suppose 9 = -b + 4, 0 = 2*y - 2*b - 14. Let h(z) = 5*z - 22. Let w(x) = -11*x + 39. Let d(j) = -5*h(j) - 3*w(j). Give d(y).
9
Let p(b) be the first derivative of -2*b**3/3 + 83*b**2/2 - 45*b - 3459. Give p(41).
-4
Let o(h) = h**3 + 4*h**2 + 2*h - 9. Let y(b) = b**3 + 2*b**2 - 58*b - 202. Let d be y(-6). What is o(d)?
19
Suppose -2*r - 5 = 2*j - 181, 5*j - 446 = -3*r. Let o = j + -83. Let l be (-44)/(-10) + o/(-20). Let z(k) = k**3 - 4*k**2 - 5*k + 5. Calculate z(l).
-15
Let v(c) = -110*c - 1728. Let u be v(-16). Let h(f) = -f**3 + 34*f**2 - 64*f + 23. Determine h(u).
23
Suppose -32 + 25 = -x + 2*x - w, 0 = -w - 1. Let h(q) = 0*q**3 + 3 + 1 + q**3 + 8*q**2 + 5*q. Give h(x).
-36
Let l(a) = -a + 8. Let i be 1512/(-270)*(-2 + 81/(-2)). Let c = i - 227. What is l(c)?
-3
Let c(n) = -n**2 + 2*n + 4. Suppose 3*o + 1 = -83. Let j = -20 - o. Let h be (-1)/4 + 26/j. Give c(h).
1
Let v(t) be the second derivative of t**4/2 - 8*t**3/3 + t**2/2 + 2*t - 697. Determine v(4).
33
Let g(i) = i**2 - i. Let l(t) = -t**2 - 14*t - 22. Let d be l(-11). Let o(a) = -a**2 + 6*a + 7 + 4 - d. Let c(q) = -4*g(q) - o(q). What is c(2)?
-16
Let o(h) = -2325*h**2 - 57 - h - 6 + 2327*h**2. Give o(8).
57
Suppose 3*r - 9 = -a, -4*a + 11 = -a + r. Let t(v) = -5*v + 1. Let o be t(a). Let b = o + 10. Let z(k) = -k - 4. Determine z(b).
0
Let a be 0 + (-3)/12 - (-75)/12. Let g = a - -4. Let j(i) = i - 7 + 4*i + 2*i + g. What is j(-3)?
-18
Suppose 0*w + 45 = w + 4*s, 70 = 3*w - s. Let h = -24 + w. Let p be 0*(-1)/4 + (1 - h). Let i(k) = -k**3 + k**2 + 12. What is i(p)?
12
Let l(c) be the first derivative of -3*c**2 - 130*c - 692. Calculate l(-21).
-4
Let p(g) be the second derivative of g**4/12 - g**3/6 + 31*g**2/2 - 135*g + 5. Calculate p(0).
31
Let o(t) = -t**3 - 5*t**2 + 8*t + 1. Let y(a) = 7*a**3 + 2*a**2 - 3*a - 8. Let b be y(-2). Let j = b + 47. Let m be 3/3*-5 + (-4 - j). What is o(m)?
-11
Let z be 34/(-3) + (-1)/(-3). Let w(x) = -7*x**2 - x + 1. Let d(j) = -43*j**2 - 20*j - 24. Let f(m) = -d(m) + 6*w(m). Determine f(z).
-3
Suppose 2*q = 3*o - 6, 0 = -0*o + o + 4*q + 12. Let y = -363 + 368. Let c(i) = -i + 9. Let f(k) = -6*k + 49. Let a(v) = y*c(v) - f(v). Determine a(o).
-4
Let s(i) be the third derivative of i**4/12 - 7*i**3/6 + 2*i**2. Let x = 25372 + -25366. What is s(x)?
5
Let v(z) = 4*z - 5. Let s be v(4). Let m(a) be the second derivative of -a**5/20 + a**4 - 2*a**3 + 4*a**2 - 19*a + 368. Calculate m(s).
-3
Let i(n) = -45*n + 213. Suppose -3 = -19*w + 16*w - 3*o, -3*o = 4*w - 8. Give i(w).
-12
Suppose -52*f + 30 = -28*f - 30*f. Let i(x) = 2*x**2 - 6*x + 6. Calculate i(f).
86
Let s = 31766 + -31768. Let i(t) be the third derivative of -t**4/24 - 2*t**3/3 - 2*t**2. What is i(s)?
-2
Let f(m) be the third derivative of m**6/720 + m**5/15 - 59*m**4/12 + 2*m**2 - 16*m. Let b(o) be the second derivative of f(o). Determine b(-5).
3
Let j = 20 - 11. Suppose 0 = 3*r + j + 6, 2*h + r - 19 = 0. L